2/4?
2, 2447
Let l(s) = s**3 - 6*s**2 - 8*s + 8. Let i be l(7). Let u be (i - (13 - 0))/((-3)/2). What are the prime factors of (-54)/(28/u + -4)?
2, 3
Let r(b) = 2*b**2 - 21*b + 5. Let d be r(14). List the prime factors of d*7/(-21)*-3.
103
Suppose 2*t + 2*d = 8, 17*d + 10 = 2*t + 20*d. Suppose 35 = t*u - 151. What are the prime factors of u?
3, 31
Suppose -s + 2*x = -11, -4*s - 4*x = -12 - 20. Let d = -358 + 386. Suppose d = -s*i + 262. What are the prime factors of i?
2, 13
Let g(u) = -u**2 - 192*u - 360. What are the prime factors of g(-70)?
2, 5, 409
Let k(z) = -1353*z - 5469. List the prime factors of k(-10).
3, 2687
Let i(y) = 2*y**2 - 14*y - 179. What are the prime factors of i(44)?
17, 181
Let u(q) = q**2 + 26*q - 110. Suppose l - 8 + 50 = 0. What are the prime factors of u(l)?
2, 281
Let i be ((-96)/(-28))/(2/21). Let l = -119 - -116. List the prime factors of -2 + (l + 7)*i.
2, 71
Let r(c) = 372*c**2 + 52*c - 74. List the prime factors of r(9).
2, 15263
Let u be ((-12)/(-18))/((-4)/30). List the prime factors of -5 - -27 - u - 0.
3
Let x be (-3)/((-7)/((-224)/(-12))). Suppose 22 = 2*o - 4*p, 4*o + 3*p = 2*p + x. Suppose o*y + 33 = 435. What are the prime factors of y?
2, 67
Let h(a) = 5*a**3 + 6*a**2 - 8*a - 28. What are the prime factors of h(6)?
2, 5, 61
Let z(i) = i**3 - 6*i**2 + 6*i + 1. Let s be z(5). Let h = -6 + s. Suppose 8*l - 3*l - 1235 = h. List the prime factors of l.
13, 19
Let v(f) = 3*f + 52. Let u be v(-16). What are the prime factors of (u - 14)/(-5) - (2 - 417)?
3, 139
List the prime factors of 2*1/(-5) + 31207*3/15.
79
Let p = -1 + 5. Suppose 9 = 5*k - i, -p*k - 2*i = -0*k - 10. Suppose 5*x - a = 291, 3*a + 7 + 99 = k*x. List the prime factors of x.
59
List the prime factors of (377349/2265)/(2/230).
7, 17, 23
Suppose 33*z - 15*z = -27*z + 1119870. List the prime factors of z.
2, 23, 541
Suppose -17 = 3*u + 4*k, k = -4*u - 4 - 10. List the prime factors of (3237/26)/(u/(-6)).
3, 83
Suppose -337003 = -14*x - x - 19123. What are the prime factors of x?
2, 3, 883
Let w(m) = 230*m**2 + 4*m + 7. Let a be w(-6). Suppose -20777 = -30*d + a. What are the prime factors of d?
2, 11
Let k = 97 - 60. Suppose 2*c - k = -s, -3*s - c - 17 + 138 = 0. List the prime factors of s.
41
Suppose 16 = -2*l + 6*h - h, 2*h = -3*l + 14. Suppose 2 = n, -4*x + 4290 = l*n - n. List the prime factors of x.
2, 67
Let r = 140 + 34. Suppose -62 = 4*p - r. Suppose 61 = c - p. What are the prime factors of c?
89
Suppose -14*k + 226346 = 3*t - 66429, 4*k = 4*t + 83684. What are the prime factors of k?
2, 10457
Let t = -27 + 15. List the prime factors of 2 - (t/(-10))/(36/(-4560)).
2, 7, 11
Suppose -3*x = 40 - 73. Suppose -x*c = -10*c + 23. List the prime factors of 73/4 - c/(-92).
2, 3
Suppose -5*w = 4*h + h - 540, -4*w + 2*h + 408 = 0. Let t = 298 + w. List the prime factors of t.
2, 3, 67
List the prime factors of 42469 + (-3)/3*1 - (1 - 0).
42467
Let y = 1617 - 388. Let c = y + -584. List the prime factors of c.
3, 5, 43
Let p be 1346/6 + 4/(-12). Suppose -h + 39 + p = 0. Suppose 5*o - 4*f - 363 = 0, -5*o + h = f - 115. What are the prime factors of o?
3, 5
Suppose 54553 + 3477 = 6*q - 4*f, -4*f - 29011 = -3*q. What are the prime factors of q?
17, 569
Let j = 1632 + 4177. List the prime factors of j.
37, 157
Let f = 167 + -167. List the prime factors of 668*(-4)/(-16) - f/(-1).
167
Suppose -7*v - 3*k = -3*v - 805, 2*k = -2*v + 400. Let n be 1 + 3 + v + 7. Suppose -5*x + 350 = -5*l, 2*l - n + 56 = -2*x. List the prime factors of x.
3, 5
Suppose 4*s + 2*c - 12 = 0, 5*c - 3 = -s - 0. Let d be (-2)/(-3)*s - (-2)/(-2). List the prime factors of (-18)/6 - (-128 + d).
2, 31
Let f = -474 + 537. What are the prime factors of (206/(-7))/((-18)/f)?
103
Let x = 3930 + -174. Suppose 2*t = 2*b + 1508, 12*t - x = 7*t - 2*b. List the prime factors of t.
2, 47
Let r be -5 - (3 + (-114 - 5)). Suppose -i - r - 60 = 0. Let u = 319 + i. List the prime factors of u.
2, 37
Let f(i) = 3*i**2 - 4*i - 5. Let g be f(-1). Suppose 3*n - n - 3*b - 9 = 0, g*n = 4*b + 10. Suppose n*l + 36 = 6*l. What are the prime factors of l?
2, 3
Let b = 917 - 637. Suppose 0*c - 10*c + b = 0. What are the prime factors of c?
2, 7
Suppose 0 = 2*m + s - 77797, 0 = 4*m - 3*s - 188102 + 32553. List the prime factors of m.
2, 19447
Let s = -52851 + 145993. List the prime factors of s.
2, 7, 6653
Let i(x) = -26*x**3 - 7*x**2 - 3*x. Suppose 5*u + n + 5 = 3*n, -10 = 2*n. What are the prime factors of i(u)?
2, 3
Let q = -4451 - -2444. Let z = -1143 - q. What are the prime factors of z?
2, 3
List the prime factors of (836208/(-576))/((-2)/24).
3, 5807
Let a(z) = -2*z**2 + 24*z - 18. Let r be a(11). What are the prime factors of ((-134)/r)/((-8)/(128/8))?
67
What are the prime factors of -1 - -4*(-5481)/(-1) - (-9 + 11)?
3, 7307
Let j(z) = 199*z**2 - 59*z - 167. What are the prime factors of j(-3)?
1801
Suppose -431*y + 1376448 - 144903 = -114*y. What are the prime factors of y?
3, 5, 7, 37
Let l = -72471 + 105756. List the prime factors of l.
3, 5, 7, 317
Suppose 675149 = -63*p + 94*p. What are the prime factors of p?
29, 751
Suppose -2*c = -4*q - 18, q + 14 + 13 = 5*c. Suppose -c*l - 1 = 9. List the prime factors of l/(4/1256*-4).
157
Let h(q) = -1012*q**3 + 2*q**2 + 25*q + 55. What are the prime factors of h(-2)?
3, 17, 53
Suppose -4*q = 2*q - 6. Let t(j) = 360*j**2 - 4*j + 2. What are the prime factors of t(q)?
2, 179
Let q(a) = -6*a**2 + 11*a. Let g(x) = -7*x**2 + 12*x + 1. Let z(k) = 5*g(k) - 6*q(k). Let u be z(5). Let f(o) = -3*o + 16. List the prime factors of f(u).
2
Let u(r) = 4*r**3 - 9*r**2 + 8*r - 23. Let j(c) = 5*c**3 - 10*c**2 + 7*c - 23. Let s(b) = -5*j(b) + 6*u(b). List the prime factors of s(-11).
3, 227
Let h = 280 + -136. Let b be (-4)/((-16)/20) - -61. Suppose -b - h = -2*d. What are the prime factors of d?
3, 5, 7
Let v = 159619 - 79522. What are the prime factors of v?
3, 26699
List the prime factors of 7059 - 7*(-55)/(-35).
2, 881
Suppose 2*n = -2*d + 12, n - 2 = 4*d - 16. What are the prime factors of 12 + -8 + 18*86 + d?
2, 389
Suppose -k + 4*v = 8, 15 = -5*v + 8*v. List the prime factors of 28/(-6)*((-258)/k - 7).
7, 19
Let u = -674 - -674. Suppose u = 46*m - 21*m - 28875. What are the prime factors of m?
3, 5, 7, 11
Let j(c) = 479*c - 1878. List the prime factors of j(13).
4349
Let s(u) = -32*u + 68. Suppose -f - 3*y + 1 = -7*y, 21 = -3*f + 4*y. List the prime factors of s(f).
2, 3, 5, 7
Let g = 5435 + 2844. List the prime factors of g.
17, 487
Suppose x - 25*x = -8616. Suppose 3*f - 190 = x. List the prime factors of f.
3, 61
Let a = -228 + 661. Let v = a - 387. What are the prime factors of v?
2, 23
Suppose 0 = -43*g + 22*g - 1239. Let t(b) = 2*b**2 + 7*b + 6. Let m be t(-5). Let i = m - g. What are the prime factors of i?
2, 5
Suppose -129*a + 132*a - 15 = 0. Suppose 472 = a*y - 3*y. List the prime factors of y.
2, 59
Suppose -n + 20393 = 5*w, -16008 = 4*n + w - 97580. List the prime factors of n.
20393
Suppose 3*o + o - 2*c - 26 = 0, o = 2*c + 11. Suppose 2*r - 5*r = 5*x + 213, -4*x + o*r = 163. Let n = x - -94. What are the prime factors of n?
2, 13
Let o = -346 - -366. Suppose -4974 = -o*q + 14*q. List the prime factors of q.
829
Let t be 219972/161 - 2/7. Suppose -287*r + 286*r + t = 0. What are the prime factors of r?
2, 683
Let i = 14434 + -13810. List the prime factors of i.
2, 3, 13
Suppose 10166 = 3*l - 4*y, 5*l + y - 8021 = 8884. What are the prime factors of l?
2, 19, 89
Let d = -16 + 18. Suppose -d*o = -0*o. Suppose o = -41*j + 36*j + 25. What are the prime factors of j?
5
Let t(m) = 7*m**2 - 19*m - 1. Let k be t(3). Suppose -3*r - 760 = -k*u, 5*u + 9*r - 785 = 7*r. What are the prime factors of u?
5, 31
Let a(w) = 1615*w**2 + 13*w + 12. Let o be 5 + -9 - (0 + -3). What are the prime factors of a(o)?
2, 3, 269
What are the prime factors of (124/186)/((-5)/(-60414)) - (-2)/(-10)?
3, 5, 179
Let v = 108530 + -53266. List the prime factors of v.
2, 11, 157
List the prime factors of 65397 + (16/(-24))/(1/9).
3, 71, 307
Let k = 47 + -47. List the prime factors of 2 - k/(-3) - -2.
2
Let j(n) be the second derivative of -31*n**3/3 - 31*n**2/2 - 8*n + 2. What are the prime factors of j(-4)?
7, 31
Suppose 0 = -18*k + 37339 + 1289. What are the prime factors of k?
2